*j + 40*j + 140. Let r = -274 - -467. Suppose -4*s - 3*v + 399 = 0, 4*s - 6*s + j*v = -r. What are the prime factors of s?
3, 11
Let h = -44345 - -106768. List the prime factors of h.
62423
Let q = 2803 + -2618. What are the prime factors of q?
5, 37
Suppose 2*a - 3118 = 2*m, 3*m = -4*a - 1519 - 3151. Let r = 2256 + m. What are the prime factors of r?
2, 349
Suppose 3*j + 29 = 35. Suppose 3*w - 2*y - 2*y - 1358 = 0, 0 = -y - j. List the prime factors of w.
2, 3, 5
Let b(a) = 46 + 20 + 1 - 11 + 23*a. Let v be b(17). What are the prime factors of (12/(-36))/((-1)/v)?
149
Let p be -3 - (-9 - -3) - 1. Suppose 5*t - 22 + 7 = 0, p*z + 3*t - 9 = 0. Suppose 3*v - 5*i + 3*i = 175, 2*v - i - 116 = z. What are the prime factors of v?
3, 19
Suppose -3567 = 9*q + 6441. Let o = -468 - q. What are the prime factors of o?
2, 7, 23
Let q(s) = -29*s - 38. Let f be q(-11). Let o = 25 + f. Let d = -177 + o. List the prime factors of d.
3, 43
Let d be (-36)/(-4)*(-1)/3. Let x(f) = -15*f**2 - 4*f + 9. Let g(i) = -16*i**2 - 5*i + 10. Let q(c) = 4*g(c) - 5*x(c). What are the prime factors of q(d)?
2, 47
Suppose 230*y - 322215 - 96385 = 0. What are the prime factors of y?
2, 5, 7, 13
Let x(l) be the second derivative of -3 - 1/12*l**4 - 14*l + 27/2*l**2 + 23/6*l**3. List the prime factors of x(18).
3, 13
Let c = 32 - 26. Suppose -3*v + c*v - 63 = 0. Suppose -v = -t + 2*d, t + 4*d = -2*t + 33. What are the prime factors of t?
3, 5
Let f be (5/(-15) - (-14)/6)*1. Suppose -4*o + o + 1726 = 5*p, -f*o + 1152 = 4*p. List the prime factors of o.
2, 11, 13
Let i(b) = -b + 100. Let n be i(9). Suppose -5*s - 2*s = -n. List the prime factors of s.
13
Let n(c) = c**3 + 3*c**2 - 4*c. Let p be n(-3). Suppose p*q - 885 = 9*q. List the prime factors of q.
5, 59
Let b(t) = t**3 - 65*t**2 + 824*t + 63. List the prime factors of b(53).
37, 271
What are the prime factors of 8*13848/(-3 - -15)?
2, 577
Suppose 19*q = 29*q + 60. What are the prime factors of (15/q)/((-8)/2608 - 0)?
5, 163
List the prime factors of (1 + (-6626)/(-10))/((-2)/(-55)).
3, 7, 11, 79
What are the prime factors of 12/(-3) - (15/10*-38248 - -11)?
3, 6373
Let u(w) = 168*w**2 - 37*w + 76. What are the prime factors of u(5)?
4091
Let v(d) = -103*d + 706. What are the prime factors of v(-20)?
2, 3, 461
Let v(c) = c**2 + 12*c - 64. Let w be v(-15). Let m(h) = -h**2 - 25*h + 27. What are the prime factors of m(w)?
3, 47
Suppose 4*i - 4*d + 5 + 19 = 0, 2*i - 3*d + 9 = 0. Let z be i/(-15) - (-2)/5. Let a(g) = 14*g**3 - 3*g + 3. What are the prime factors of a(z)?
2, 7
What are the prime factors of 74/703 + ((-2443654)/(-114) - (-1)/3)?
2, 23, 233
Let s = -5017 - -5119. Let c(v) = 2*v - 5. Let j be c(5). Suppose 177 = 2*a + g, -4*a + 217 = -j*g - s. What are the prime factors of a?
2, 43
Let i(m) = 5*m**3 - 4*m - 4. Let x be i(4). Let t = -902 - -962. Suppose 5*a - 7*k = -5*k + x, -2*k + t = a. What are the prime factors of a?
2, 3, 5
Let y(g) = -31*g + 1. Suppose 5*q + 32 = 7. Let m be y(q). Let o = m + -82. List the prime factors of o.
2, 37
Let y be 2252/6 - (-1)/(-3). Let z = -9790 - -9990. Let x = y - z. List the prime factors of x.
5, 7
Suppose -7*h = 4*h - 55. Let z(r) = r - 5. Let p be z(h). Suppose p = -4*m + 3*m + 222. What are the prime factors of m?
2, 3, 37
Suppose 72 + 8 = 40*t. Suppose -4*f = -3*f + u - 687, 1374 = t*f - 3*u. What are the prime factors of f?
3, 229
Let n = 22950 + 15493. What are the prime factors of n?
37, 1039
Let x(q) = 5*q**2 - 11*q - 4. List the prime factors of x(-24).
2, 5, 157
Suppose 2*p + 3*l = 8*l - 83, 0 = -4*l + 20. What are the prime factors of 1 - -205 - 87/p?
11, 19
Let q = -172 + 177. Let o(g) = g**3 - 16*g**2 + 15*g + 1. Let a be o(15). What are the prime factors of (-1937)/(-65) + a/q?
2, 3, 5
Let m(u) = -u**3 - u**2 + 18*u - 28. Let k(g) = 23*g - 148. Let x be k(6). What are the prime factors of m(x)?
2, 173
Let v(s) = s. Let a be v(0). Suppose a*z = 5*i - 4*z - 583, 2*i + 4*z = 250. List the prime factors of i.
7, 17
Let q = 1646 - -12633. List the prime factors of q.
109, 131
Let r(a) be the second derivative of -8*a**3/3 - 6*a**2 - a. Let s be 4/(6 + -8 + 1). List the prime factors of r(s).
2, 13
Suppose -25*o + 997272 = 66*o + 17*o. What are the prime factors of o?
2, 3, 19
Suppose 5*w = 5*r + 1889 - 219, -1675 = -5*w + 4*r. What are the prime factors of (-7 + 9)/(1/w)?
2, 3, 113
Suppose 132 = -2*v - 2*v. Let s = -722 + 717. List the prime factors of (v/s)/(0 - (-1)/15).
3, 11
Let n(c) = 886*c - 1190. What are the prime factors of n(7)?
2, 7, 179
Suppose -113*v = -112*v - k - 29403, 2*v + 3*k - 58776 = 0. List the prime factors of v.
3, 41, 239
Suppose 0 = 12*q - 271553 - 78955. List the prime factors of q.
29209
Let w(d) = 6*d**3 + 32*d**2 - d - 5. Let k(q) = -q**2 - 7*q - 13. Let u be k(-5). List the prime factors of w(u).
2, 31
Suppose 0 = 2*k + 4*o - 14, -3*k - 16*o + 18*o + 5 = 0. Suppose 5*f - 2*r - 2024 = 0, -2018 = -k*f - 2*f - r. What are the prime factors of f?
2, 101
Suppose 373 = d + z, 0 = 4*d - 2*d - 5*z - 781. Let v = d + 66. List the prime factors of v.
2, 3, 37
Let o be (-30)/(-3)*464/20. Suppose 43 = -9*u + o. What are the prime factors of (-10)/(-70) - (-1236)/u?
59
Let y = 13 - 15. Let o be 14/(-63) - ((-4)/18 + y). List the prime factors of o/(2/(-8) - 945/(-3492)).
97
Let z be (14 - 17) + (-1 - (0 + -4)). List the prime factors of (-1)/3*z - (-665)/1.
5, 7, 19
Let u be (1 - -21)*((-1065)/6 + 1). List the prime factors of -1 + (u/(-8) - (-18)/(-48)).
2, 11
Let o(x) = x + 19. Suppose 8 + 12 = -4*h, -15 = -5*j + 3*h. Let l be o(j). List the prime factors of -1 - 3 - l/(-1).
3, 5
Let m(c) = -21*c**3 - c**2 - 3*c - 1. Let r(n) = n**3 + 4*n**2 + 9*n + 69. Let t be r(-5). List the prime factors of m(t).
2, 11
Suppose 14*q - 645 = -5755. Let k = 628 + q. What are the prime factors of k?
263
Suppose -4*b = 3*b - 28. Suppose 4*l = -5*h - 3 - 4, b*h + 14 = l. What are the prime factors of (1 - 0) + l*(-276)/(-8)?
2, 5, 7
Suppose -8*l - 66711 + 252295 = 6*l. What are the prime factors of l?
2, 1657
What are the prime factors of 5*(548610/75 + 10)?
2, 3, 7, 109
Let q(z) = 136*z - 123. What are the prime factors of q(4)?
421
Suppose -38784 - 5532 = -3*r. What are the prime factors of r?
2, 3, 1231
Let g(d) = -d**3 + 22*d**2 - 43*d - 2. Let v be g(20). Let a = 52 + v. Let i = 40 - a. List the prime factors of i.
2, 5
Let q be (-138)/(1 - -5) + 5. List the prime factors of 3/q - 7970/(-12).
2, 83
Let p = -2891 - -11126. What are the prime factors of p?
3, 5, 61
Suppose 0 = 4*w + 141 - 161. What are the prime factors of (w/5 - 4) + 5?
2
Let v(l) = 27663*l**2 + 34*l - 30. What are the prime factors of v(1)?
73, 379
Let n = 8924 + -3986. List the prime factors of n.
2, 3, 823
What are the prime factors of ((-13422465)/21)/(-15) + 0*1/3?
42611
Let c(r) = 8*r + 56. Let s be c(-7). Suppose -5*h = -s*h - 1285. What are the prime factors of h?
257
Let h be (-24 - -20)*2466/(-8). Suppose -166*z + 169*z = h. List the prime factors of z.
3, 137
Let k(p) = p**3 + 18*p**2 + 2*p + 32. Let n be k(-15). Let b = -462 + n. Let x = b + -133. List the prime factors of x.
2, 41
Let d be 3 + (-4)/2 + 6/3. Suppose -d*o + 13 = 1. Suppose 0 = o*z + c - 771, -5*z - 3*c + 576 = -2*z. List the prime factors of z.
193
Suppose -121*b + 66*b = -22104 - 518656. List the prime factors of b.
2, 1229
Let y(z) = 1466*z**2 - 2034*z + 10201. List the prime factors of y(5).
3, 12227
What are the prime factors of (-1 + 1798)*(2 - 104/(-24))?
19, 599
Let l(x) = 3264*x**2 - 5*x - 13. Let s be l(-2). Suppose -749 = 8*n - s. What are the prime factors of n?
2, 769
Suppose -226885 - 263621 = -182*m + 8*m. List the prime factors of m.
2819
Let o(i) = -i**2 + 11*i - 30. Let t be o(7). Let k(j) = -3*j**3 - 5*j**2 + j + 4. Let g be k(t). Suppose 6*z + g*z = 1572. What are the prime factors of z?
131
Let q be (-8)/60 + (-17860)/(-75). Suppose m + 2*k - q = 0, -10*k = 3*m - 13*k - 750. List the prime factors of m.
2, 3, 41
Let r(h) be the second derivative of -5*h**3/3 - 13*h**2 + 2*h + 11. List the prime factors of r(-26).
2, 3, 13
List the prime factors of ((-2 + -4)/(-30))/(6/172230).
5741
Let g(s) = -13*s**2 - 17*s + 3. Let o be g(3). What are the prime factors of (3 + o/9)*-21?
2, 7, 23
Suppose 3*u = -2*